3385 is divided by 859.
796
Calculate the remainder when 3603775 is divided by 5163.
1
What is the remainder when 6586915 is divided by 96?
67
Calculate the remainder when 15908 is divided by 3253.
2896
Calculate the remainder when 1530476 is divided by 1530349.
127
What is the remainder when 54291303 is divided by 60933?
0
Calculate the remainder when 87790 is divided by 40712.
6366
What is the remainder when 497962 is divided by 497800?
162
Calculate the remainder when 11685953 is divided by 365186.
1
What is the remainder when 75926249 is divided by 30?
29
What is the remainder when 23395066 is divided by 46?
18
What is the remainder when 43312 is divided by 10737?
364
What is the remainder when 36675 is divided by 32636?
4039
What is the remainder when 3681391 is divided by 28?
7
What is the remainder when 292907 is divided by 16142?
2351
What is the remainder when 130208 is divided by 582?
422
Calculate the remainder when 98437 is divided by 98377.
60
What is the remainder when 11775759 is divided by 3262?
3201
Calculate the remainder when 101275774 is divided by 168.
166
What is the remainder when 8276396 is divided by 3406?
3222
Calculate the remainder when 6171645 is divided by 110.
95
Calculate the remainder when 16298 is divided by 4963.
1409
Calculate the remainder when 7900505 is divided by 1504.
1497
Calculate the remainder when 23782090 is divided by 64.
10
Calculate the remainder when 445390 is divided by 3135.
220
Calculate the remainder when 895362 is divided by 9216.
1410
What is the remainder when 143005 is divided by 10980?
265
Calculate the remainder when 35241319 is divided by 26.
9
Calculate the remainder when 454639 is divided by 10573.
0
Calculate the remainder when 2029467 is divided by 16.
11
Calculate the remainder when 11594634 is divided by 61.
59
Calculate the remainder when 34356 is divided by 6233.
3191
Calculate the remainder when 145369301 is divided by 339.
338
Calculate the remainder when 237897 is divided by 8638.
4671
Calculate the remainder when 51797 is divided by 1389.
404
Calculate the remainder when 518308 is divided by 4148.
3956
Calculate the remainder when 262840 is divided by 40.
0
Calculate the remainder when 4983320 is divided by 1577.
0
What is the remainder when 143408 is divided by 19937?
3849
What is the remainder when 31262849 is divided by 1488707?
2
What is the remainder when 8332075 is divided by 3357?
1
What is the remainder when 278311 is divided by 463?
48
What is the remainder when 893841 is divided by 232?
177
What is the remainder when 1207206 is divided by 7942?
22
What is the remainder when 970177 is divided by 3760?
97
Calculate the remainder when 1009795 is divided by 6272.
3
Calculate the remainder when 190084 is divided by 269.
170
What is the remainder when 3063103 is divided by 704?
703
Calculate the remainder when 1320594 is divided by 3439.
18
What is the remainder when 40327499 is divided by 22?
3
What is the remainder when 93994848 is divided by 104?
64
Calculate the remainder when 8037 is divided by 1145.
22
Calculate the remainder when 23328623 is divided by 226.
225
What is the remainder when 1335063 is divided by 444410?
1833
Calculate the remainder when 231115 is divided by 11.
5
Calculate the remainder when 78959483 is divided by 309645.
8
Calculate the remainder when 319833 is divided by 319832.
1
What is the remainder when 58919 is divided by 351?
302
What is the remainder when 2644636 is divided by 279?
274
What is the remainder when 225927 is divided by 2332?
2055
What is the remainder when 895655 is divided by 1019?
973
Calculate the remainder when 969398 is divided by 22536.
350
Calculate the remainder when 11587745 is divided by 238.
1
What is the remainder when 4627130 is divided by 74?
58
What is the remainder when 7965000 is divided by 45514?
50
What is the remainder when 3762752 is divided by 169?
136
What is the remainder when 360745 is divided by 120245?
10
What is the remainder when 1317072 is divided by 173?
23
What is the remainder when 36262949 is divided by 6?
5
Calculate the remainder when 1264065 is divided by 3889.
140
Calculate the remainder when 24653 is divided by 481.
122
What is the remainder when 754326 is divided by 125718?
18
Calculate the remainder when 31459486 is divided by 223.
207
What is the remainder when 28566985 is divided by 23?
19
What is the remainder when 489013 is divided by 4938?
151
What is the remainder when 40192423 is divided by 35?
33
Calculate the remainder when 40393 is divided by 2300.
1293
Calculate the remainder when 594255 is divided by 49520.
15
What is the remainder when 5598451 is divided by 471?
145
Calculate the remainder when 844105011 is divided by 4434.
4431
What is the remainder when 265659 is divided by 1421?
1353
What is the remainder when 2416496 is divided by 1302?
1286
What is the remainder when 12117799 is divided by 550809?
1
Calculate the remainder when 185886 is divided by 1989.
909
Calculate the remainder when 108351 is divided by 1371.
42
Calculate the remainder when 467897716 is divided by 677.
675
What is the remainder when 1195138 is divided by 23?
12
Calculate the remainder when 2994997 is divided by 901.
73
Calculate the remainder when 30974490 is divided by 1451.
1444
What is the remainder when 6693504 is divided by 1115584?
0
Calculate the remainder when 284924 is divided by 1122.
1058
Calculate the remainder when 12318 is divided by 158.
152
What is the remainder when 15456999 is divided by 3625?
3624
Calculate the remainder when 3266581 is divided by 108875.
331
What is the remainder when 56660 is divided by 14025?
560
Calculate the remainder when 97438 is divided by 462.
418
Calculate the remainder when 355373 is divided by 813.
92
What is the remainder when 97371 is divided by 159?
63
What is the remainder when 3430815 is divided by 46997?
34
Calculate the remainder when 263587434 is divided by 14.
12
Calculate the remainder when 15709081 is divided by 981817.
9
What is the remainder when 1541 is divided by 452?
185
What is the remainder when 1772092 is divided by 46634?
0
What is the remainder when 5667067 is divided by 314?
309
What is the remainder when 45730341 is divided by 137?
15
What is the remainder when 661938 is divided by 206?
60
What is the remainder when 2149531 is divided by 321?
115
What is the remainder when 469334 is divided by 7516?
3342
Calculate the remainder when 79910084 is divided by 6527.
23
What is the remainder when 525254006 is divided by 32?
22
What is the remainder when 95706303 is divided by 32?
31
Calculate the remainder when 3641939 is divided by 1690.
1679
Calculate the remainder when 1128445 is divided by 376148.
1
What is the remainder when 66963 is divided by 27?
3
Calculate the remainder when 6041 is divided by 5493.
548
What is the remainder when 776980 is divided by 161?
155
What is the remainder when 46399362 is divided by 43?
40
Calculate the remainder when 6139843 is divided by 3681.
3616
Calculate the remainder when 9844 is divided by 1968.
4
Calculate the remainder when 152611 is divided by 8862.
1957
What is the remainder when 900088 is divided by 7891?
514
What is the remainder when 179690867 is divided by 37?
34
What is the remainder when 20519872 is divided by 3436?
80
Calculate the remainder when 2936794 is divided by 1745.
1704
Calculate the remainder when 162913 is divided by 81452.
9
What is the remainder when 448220 is divided by 67?
57
What is the remainder when 11801306 is divided by 48?
26
Calculate the remainder when 83041372 is divided by 5190085.
12
What is the remainder when 24486028 is divided by 49?
42
Calculate the remainder when 21902830 is divided by 19750.
80
Calculate the remainder when 2880603 is divided by 2153.
2042
Calculate the remainder when 31000421 is divided by 27605.
6
What is the remainder when 4665527 is divided by 542?
533
Calculate the remainder when 23205221 is divided by 14.
11
Calculate the remainder when 76148752 is divided by 184.
168
Calculate the remainder when 1791973 is divided by 224.
197
Calculate the remainder when 11483389 is divided by 120.
109
What is the remainder when 32100794 is divided by 3331?
3278
What is the remainder when 62599657 is divided by 551?
547
What is the remai